pose -5*a + 31 = -c + 903, -4240 = -5*c + a. Suppose 2*w = 3*x + c, 2*x - 1251 = -4*w + w. What are the prime factors of w?
419
What are the prime factors of 6/27 + ((-116682)/(-54) - 9)?
2, 269
Let l(k) = k**2 + 57*k + 2530. List the prime factors of l(-87).
2, 5, 257
List the prime factors of -13 - -4127 - (-3 + 5 - (-4)/2).
2, 3, 5, 137
Let l = -118 + 137. Let r(z) = -8 - 34 + 8 - 18 + 13*z. What are the prime factors of r(l)?
3, 5, 13
List the prime factors of (2/(-3) - 102/9)*93765/(-315).
2, 19, 47
Let s = 21910 + -11249. List the prime factors of s.
7, 1523
Let u be 27/5 + 108/180. Let r(v) = v**3 - 3*v**2 + 17*v + 6. Let t be r(u). Suppose -5*p = g - 164 - t, 0 = 3*g. What are the prime factors of p?
2, 19
What are the prime factors of (6438/4)/((9/28)/(4422/469))?
2, 11, 29, 37
Suppose -9*k - 4*i - 32974 = -14*k, 0 = 4*i + 24. What are the prime factors of k?
2, 5, 659
Suppose -4 = 5*f - 3*z - 25, -2*f = -2*z - 10. List the prime factors of (49/(-21) + f)*(-3846)/(-4).
641
Let s = -3 - -7. Suppose 0 = 2*a - 18*g + 17*g - 1, 3*a + 3*g - 24 = 0. Suppose -i - v = -45 - 47, -276 = -a*i + s*v. What are the prime factors of i?
2, 23
Let g(m) = 6*m + 11. Let q be (4/(16/4))/1*-17. Let r(c) = c**2 + 14*c - 34. Let t be r(q). What are the prime factors of g(t)?
113
Suppose -31*h - 3384 = 9109. Let m = h - -627. List the prime factors of m.
2, 7
Let q = -5 + 7. Suppose -5*d = 3*i - 1682, -3*d - 8 = -q. List the prime factors of i.
2, 3, 47
Let p = 22762 + -10206. List the prime factors of p.
2, 43, 73
Let y(m) = 2*m**2 + 17*m - 8. Let i be y(-6). Let n be ((-27)/(-1))/((-57)/i). Let t = 55 - n. What are the prime factors of t?
37
Suppose -2*t + 2*n + 1874 + 222 = 0, -2*n - 3148 = -3*t. Suppose -6*y - 4*o = -2*y - 1048, 4*y + 2*o - t = 0. List the prime factors of y.
2, 3, 11
Suppose g + 549*q - 553*q = 48348, 2*q + 10 = 0. List the prime factors of g.
2, 7, 863
Let q(v) = 9*v**3 - 21*v**2 + 50*v - 39. Let s(a) = 25*a**3 - 64*a**2 + 149*a - 119. Let y(j) = 11*q(j) - 4*s(j). What are the prime factors of y(23)?
47
Let u(p) = p**3 - 5*p**2 - 7*p + 16. Let v be u(9). Let x = v + 118. What are the prime factors of x?
5, 79
What are the prime factors of (-7)/1 - (3 - 252423)/20?
2, 7, 17, 53
Suppose -4*r = n - 22, 3*n = 4*r + 5*n - 24. Suppose 3*i = -12 - 3, -4*h - r*i + 3363 = 0. List the prime factors of h.
7, 11
Suppose -2*t + 14 = 2*b, 0*b - b - 41 = -5*t. Suppose -t*d + 12*d = 1680. List the prime factors of d.
2, 3, 5, 7
Suppose -2 = -4*o + 6. Suppose -4*n - o = -14. List the prime factors of -2*((-6)/4 + n) + 110.
107
Suppose 2*s - 526 = 2*i, -4*s - s - 1088 = 4*i. Let x = i + 176. Let a = -84 - x. List the prime factors of a.
7
Let s = -5701 - -8662. Let x = s + -1955. List the prime factors of x.
2, 503
Let c be (1818/27)/(1/(-9)). Let p = 980 + c. What are the prime factors of (-5)/10 + p/4?
3, 31
Suppose 0 = -n - 6 + 10. List the prime factors of -10*n/20*-2.
2
Suppose -49*y = -796157 - 1069126. What are the prime factors of y?
3, 12689
Let x be 5*(1 - 2/(-2))/(-5). Let l be 1*(-43)/x*(-7 - -5). Let c = l - -60. What are the prime factors of c?
17
Let m = 110873 + -55572. What are the prime factors of m?
17, 3253
Suppose 0 = -20*s + 15*s + 10, 0 = -2*n + 5*s - 102. Suppose -r - 128 - 253 = -5*m, m + 2*r - 85 = 0. Let q = n + m. What are the prime factors of q?
31
Suppose 55*o - 53*o + 6 = 0. Let v = 6 + o. Suppose -3*i + 151 = 3*g - 92, 240 = v*i + 2*g. List the prime factors of i.
2, 3, 13
Let t = 189 + -176. Suppose -715 - 962 = -t*m. What are the prime factors of m?
3, 43
Suppose 30 = -9*h + 12*h. Let d(n) = 2*n**2 + 7*n + 43. What are the prime factors of d(h)?
313
Suppose 39*v = 41*v - 58. Suppose -41*f + 6900 = -v*f. What are the prime factors of f?
5, 23
Let o(n) = 23 + 19 + 25 - 56 + 140*n. What are the prime factors of o(7)?
991
Suppose 3*u - 3*o + 7478 = 5*u, 4*u = 4*o + 15016. List the prime factors of u.
2, 937
Let j = -39 + 163. Let f = j + -131. Let k = 176 + f. List the prime factors of k.
13
Let c(k) = k**3 + 18*k**2 + 3*k - 83. Let j be -17 - (-1)/((-3)/(2 + -14)). What are the prime factors of c(j)?
3, 241
Let a(u) = -u**3 + 28*u**2 + 19*u - 7. What are the prime factors of a(10)?
3, 661
Let b(i) = 7*i**3 + 8*i**2 - 34*i - 394. What are the prime factors of b(16)?
2, 14891
Let a = 346 + -356. Let d(q) be the first derivative of q**3/3 + 5*q**2/2 + 5*q - 3. What are the prime factors of d(a)?
5, 11
Let c = -6036 + 21620. List the prime factors of c.
2, 487
Suppose 17*p = -31*p - 61*p + 1485016. List the prime factors of p.
2, 13, 131
Suppose 0 = -4*u + 5*k - 508 + 6839, -3*u - 4*k = -4725. Suppose u = 9*z - 2939. What are the prime factors of z?
2, 251
Let n = 2822 + 38641. What are the prime factors of n?
3, 17, 271
Suppose 0 = -4*s - b + 264, 3*s - 49 = 2*s + 4*b. Suppose 13*l = -s + 156. Suppose -17 - 235 = -l*x. List the prime factors of x.
2, 3
Let j = -1081 - -6611. Suppose -j - 2588 = -18*r. What are the prime factors of r?
11, 41
Let c(x) = 46*x - 1. Suppose -12 = 4*o - 16. Let a be c(o). Suppose m - a - 29 = 0. What are the prime factors of m?
2, 37
Let b = 111 + 254. Suppose -9*r = -8*r - b. List the prime factors of r.
5, 73
What are the prime factors of (-20843 + 3)*21/((-1890)/144)?
2, 521
Suppose 878*p - 851*p - 229122 = 0. What are the prime factors of p?
2, 4243
Let z(a) = 12*a**2 - 168*a - 229. List the prime factors of z(33).
5, 1459
Let n be -147*2/(-6)*(4 - 5). What are the prime factors of -406*(n/(-14) - 4)?
7, 29
Let r(z) = 4*z**2 - 10*z - 12. Let b(q) = -q**3 + 21*q**2 - q + 26. Let m be b(21). What are the prime factors of r(m)?
2, 19
Let q be (44 - 2)*(-24)/(-144). Suppose q*j - 3*o + 342 = 9*j, -5*j - 2*o = -844. What are the prime factors of j?
2, 3, 7
Let s(g) = g**2 - 13*g + 42. Let a be s(8). Let n(z) = z**2 - 2*z + 3. Let m be n(a). List the prime factors of (-3)/1*(-219)/m.
3, 73
Let n be 23*3*(-26)/39. Let c = 5 - 97. Let u = n - c. List the prime factors of u.
2, 23
Let w(m) = 332*m**2 - 110*m + 319. List the prime factors of w(3).
13, 229
Suppose -38*i - 39*i = -1781241. List the prime factors of i.
3, 11, 701
Suppose 5*u - 24 = 11. Let x = u + 0. What are the prime factors of x/(-21)*(-165 - 0)?
5, 11
Let v = 25429 - 12569. List the prime factors of v.
2, 5, 643
Suppose -101838 + 2870718 = 120*z. List the prime factors of z.
2, 83, 139
Let a(d) = 15*d + 108. Let i(j) = -4*j**2 - 33*j + 14. Let l be i(-8). What are the prime factors of a(l)?
2, 3, 73
Let q(z) = -z - 18. Let h be q(-20). List the prime factors of 283 - (h + -3) - (-10 + 7).
7, 41
Suppose 2*g - 5*u = 7*g + 10, -4*u - 8 = 2*g. Suppose -41*x - 7881 + 63395 = g. List the prime factors of x.
2, 677
Let g(j) = 3636*j**2 + 15*j + 17. What are the prime factors of g(-2)?
11, 1321
Let q(u) be the second derivative of -u**5/20 + 7*u**4/6 - 4*u**3/3 + u**2 - u. Let g be (130/(-78))/((-25)/165). What are the prime factors of q(g)?
277
What are the prime factors of 252/210 + 3 + (-24379)/(-5)?
2, 5, 61
Let y = 198 + -102. Suppose -60 - 12 = 2*u + 2*i, -i + y = -3*u. Let o = u - -159. List the prime factors of o.
2, 3, 7
Suppose -5*b + 610 = -480. Let m = -58 + b. What are the prime factors of m?
2, 5
Let y(h) = 26*h + 34. Let o be y(5). Let b = o - 263. Let i = 92 - b. What are the prime factors of i?
191
Suppose -2*b = -3*c - b + 30, 70 = 5*c + 5*b. Suppose 0 = -5*k + c*k - 186. Suppose -2*o + 367 = -3*i, o = i + 150 + k. What are the prime factors of o?
2, 11
Suppose -40*a = -11*a - 219360 - 241044. What are the prime factors of a?
2, 3, 7
Let j(h) = h**2 + 6*h + 11. Let u be j(11). Suppose -4*o + m - 19 = -5*o, 33 = 3*o - 3*m. Suppose k + o = u. What are the prime factors of k?
3, 61
Suppose -5*h + 95 = -5*t, -h = -3*h - 4*t + 14. Suppose 1549*o = 1547*o. Suppose 32 = 5*z - 4*g + g, o = 2*z + g - h. List the prime factors of z.
7
List the prime factors of 5 + 59716/8 + -1 + 3/(-2).
3, 19, 131
Suppose 0*b = 44*b - 157124. Suppose -4*i - 4*g + b = -g, 0 = 5*i + 5*g - 4470. What are the prime factors of i?
7, 127
Suppose 12 = -4*p, -2*b - 2*p = -49328 - 48796. List the prime factors of b.
3, 5, 3271
Let y = 258 + -203. Let u = y + 8. List the prime factors of u.
3, 7
Let r(i) = i**3 - 7*i**2 + 13*i - 34. Let w be r(10). Let m = -